ctor of 408 and 12805318.
34
Calculate the highest common divisor of 32867 and 1644779.
1429
What is the highest common factor of 12129 and 622752?
39
Calculate the highest common divisor of 119133 and 146475.
1953
What is the highest common divisor of 531 and 10615044?
177
What is the highest common divisor of 3941 and 1117316851?
3941
What is the greatest common factor of 108957704 and 3192?
152
Calculate the greatest common divisor of 3424850 and 220.
110
Calculate the highest common factor of 26421986 and 15410.
3082
Calculate the highest common divisor of 4745 and 99675095.
65
What is the highest common factor of 19987312 and 62?
62
Calculate the highest common divisor of 379 and 1831348087.
379
What is the greatest common factor of 3351264 and 5376?
672
What is the highest common factor of 114956699 and 13?
13
What is the greatest common divisor of 18 and 330098346?
18
What is the highest common factor of 90000 and 167760?
720
What is the greatest common factor of 30197520 and 144?
144
What is the greatest common divisor of 1303275 and 1975?
25
What is the greatest common divisor of 10915413 and 158259?
2229
Calculate the highest common divisor of 7822006 and 17.
17
What is the highest common divisor of 4296 and 28027641?
537
Calculate the greatest common divisor of 3726036 and 3186.
18
Calculate the greatest common factor of 9734 and 265732.
62
Calculate the greatest common factor of 272837 and 767422.
1087
What is the highest common divisor of 34504830 and 270?
90
What is the highest common factor of 19 and 2355446169?
19
Calculate the greatest common factor of 308192 and 224.
32
Calculate the highest common factor of 84883796 and 152172.
5636
What is the greatest common divisor of 110 and 87477830?
110
Calculate the highest common divisor of 87029986 and 58.
58
Calculate the greatest common divisor of 8 and 1466903160.
8
Calculate the greatest common divisor of 96311 and 16577.
137
What is the highest common divisor of 122673 and 79797?
1191
What is the greatest common factor of 60902820 and 38610?
2970
What is the greatest common divisor of 22852 and 1107916?
116
What is the highest common factor of 1537033 and 11629?
401
Calculate the greatest common factor of 3573 and 3746886.
1191
What is the highest common divisor of 662049 and 549?
9
What is the highest common divisor of 2673 and 775413?
243
What is the highest common factor of 5670 and 46468674?
378
What is the highest common divisor of 2095275 and 12675?
975
Calculate the greatest common factor of 78350860 and 7.
7
What is the greatest common divisor of 2394 and 81744894?
126
What is the greatest common factor of 119772705 and 390?
195
Calculate the highest common divisor of 50378231 and 1574.
787
Calculate the greatest common divisor of 19038132 and 414.
18
What is the greatest common divisor of 7908872 and 3244?
3244
Calculate the highest common divisor of 854757 and 2920.
73
What is the highest common divisor of 163564564 and 121676?
6404
Calculate the greatest common factor of 8736 and 1915368.
2184
What is the greatest common factor of 1249469 and 314430?
223
What is the highest common factor of 11469769 and 61?
61
Calculate the highest common factor of 80 and 9532170.
10
Calculate the highest common divisor of 8 and 17291392.
8
Calculate the highest common factor of 1656 and 117744.
24
Calculate the greatest common divisor of 359 and 35285033.
359
What is the greatest common divisor of 2011572006 and 1461?
1461
Calculate the greatest common divisor of 1984 and 573221248.
1984
Calculate the greatest common divisor of 4252779 and 7493.
59
What is the greatest common divisor of 9775211 and 1077?
359
What is the greatest common divisor of 414335 and 6227?
479
Calculate the highest common factor of 721930 and 2310.
110
Calculate the greatest common divisor of 1990 and 266330456.
398
Calculate the greatest common divisor of 514608 and 6816.
3408
Calculate the greatest common factor of 269284 and 26343.
2927
Calculate the highest common factor of 237 and 315207077.
79
What is the highest common divisor of 10434 and 2504937?
111
Calculate the greatest common divisor of 82813770 and 1040.
130
What is the highest common factor of 20851 and 11136?
29
What is the greatest common divisor of 490 and 551060?
10
What is the highest common divisor of 22592913 and 63?
21
Calculate the highest common factor of 1122 and 804255958.
374
What is the highest common factor of 250 and 64180250?
250
What is the greatest common divisor of 4768 and 133584?
16
Calculate the highest common factor of 2210776 and 5080.
8
Calculate the greatest common divisor of 1248 and 369555888.
624
What is the highest common factor of 5117981 and 66?
11
What is the greatest common divisor of 692 and 569439188?
692
What is the highest common factor of 150 and 3179406?
6
Calculate the greatest common factor of 199 and 14820923.
199
What is the greatest common divisor of 28897296 and 120?
24
What is the greatest common divisor of 1539168240 and 5?
5
Calculate the highest common factor of 281658 and 2562.
6
Calculate the greatest common factor of 123739 and 437283.
77
Calculate the highest common factor of 7811 and 1658587740.
7811
Calculate the greatest common divisor of 6342 and 31381.
7
What is the greatest common factor of 7363296 and 2997?
333
Calculate the greatest common factor of 42 and 5024088.
6
What is the highest common divisor of 35077270 and 590?
590
What is the highest common factor of 34040 and 157688?
184
What is the highest common factor of 26869 and 6221386?
97
Calculate the highest common divisor of 916530 and 203445.
2055
Calculate the highest common divisor of 4275 and 829825.
475
Calculate the highest common divisor of 2400824959 and 13.
13
Calculate the highest common factor of 19542569 and 33719.
4817
Calculate the highest common factor of 87368 and 1148824.
1304
What is the greatest common factor of 3785390 and 2380?
1190
What is the highest common divisor of 66371 and 772901?
2141
Calculate the highest common divisor of 168120820 and 19040.
2380
Calculate the greatest common divisor of 1528230 and 37389.
363
What is the greatest common divisor of 714403 and 1840?
23
What is the greatest common divisor of 92332 and 2788?
164
Calculate the highest common factor of 118 and 108214319.
59
Calculate the highest common divisor of 181807 and 264623.
647
Calculate the greatest common factor of 129290642 and 13.
13
Calculate the greatest common factor of 3416 and 10435992.
56
What is the highest common factor of 720 and 2036304?
144
What is the greatest common divisor of 130 and 3190174?
26
What is the greatest common divisor of 299 and 215163620?
23
What is the greatest common divisor of 18803 and 2449?
1
Calculate the greatest common divisor of 11988745 and 3335.
145
Calculate the greatest common factor of 4160200 and 27962.
682
What is the highest common divisor of 365655 and 684?
57
What is the highest common divisor of 1769817 and 25347?
1491
Calculate the greatest common divisor of 3696 and 1253.
7
What is the greatest common factor of 13877330 and 10?
10
What is the highest common factor of 55132 and 29764?
28
Calculate the highest common divisor of 2753432 and 8.
8
Calculate the highest common factor of 727488 and 84024.
216
What is the greatest common factor of 434741 and 130968?
1819
Calculate the greatest common factor of 2465 and 315781.
29
Calculate the highest common divisor of 34222 and 2924776.
482
What is the highest common factor of 7539 and 729888285?
7539
What is the greatest common factor of 1232 and 181573?
7
Calculate the highest common divisor of 3432849 and 168.
21
What is the greatest common divisor of 4587 and 479028?
33
Calculate the greatest common divisor of 1536 and 357851712.
192
Calculate the highest common factor of 130387 and 276.
23
What is the highest common factor of 24004101 and 2972?
743
What is the highest common divisor of 7148588 and 5454364?
8644
Calculate the highest common divisor of 7329547 and 3741.
29
Calculate the greatest common divisor of 293810 and 638.
22
Calculate the highest common divisor of 3852146938 and 6022.
6022
Calculate the greatest common factor of 5 and 19596980.
5
Calculate the greatest common divisor of 4839 and 13257247.
1613
What 